{"id":62,"date":"2017-03-21T16:10:20","date_gmt":"2017-03-21T16:10:20","guid":{"rendered":"http:\/\/em.musique-treyvaux.ch\/?page_id=62"},"modified":"2024-09-29T17:20:48","modified_gmt":"2024-09-29T17:20:48","slug":"formation","status":"publish","type":"page","link":"https:\/\/em.musique-treyvaux.ch\/?page_id=62","title":{"rendered":"Formation"},"content":{"rendered":"<div class=\"entry\">\n<p><strong>Les premiers pas dans la musique<\/strong><\/p>\n<p style=\"text-align: justify;\">La musique se ressent et se vit avec le corps, par le mouvement et par la voix. Pour les tout petits, l\u2019\u00e9veil musical permet de travailler le sens du rythme pour ressentir la musique avant de la comprendre et pour exprimer des \u00e9motions. L\u2019enfant prend conscience de son corps et de l\u2019espace gr\u00e2ce au lien entre la musique et le mouvement. L\u2019\u00e9veil musical permet de d\u00e9velopper des qualit\u00e9s importantes comme l\u2019autonomie, l\u2019\u00e9coute, la communication, la cr\u00e9ativit\u00e9, l\u2019imagination, l\u2019expression, etc.<\/p>\n<p style=\"text-align: justify;\">Le cours d\u2019\u00e9veil musical est ouvert \u00e0 tous les enfants d\u00e8s la 2H. La formation est donn\u00e9e par Camille Quinton.<\/p>\n<p>Horaire du cours : ce cours est donn\u00e9 en collaboration avec les soci\u00e9t\u00e9s du Mouret et de La Roche. Le cours a lieu au Mouret, le mercredi \u00e0 17h.<\/p>\n<p>Tarif : CHF 180.- par semestre<\/p>\n<p><img decoding=\"async\" src=\"https:\/\/em.musique-treyvaux.ch\/wp-content\/plugins\/advanced-wp-columns\/assets\/js\/plugins\/views\/img\/1x1-pixel.png\" \/><\/p>\n<p><strong>Les cours individuels <\/strong><\/p>\n<p>Les cours de cornet, alto, baryton, euphonium, trombone et basse sont donn\u00e9s par des professeurs du conservatoire de Fribourg qui se d\u00e9placent \u00e0 Treyvaux.<\/p>\n<p>Les cours individuels permettent aux enfants d\u2019acqu\u00e9rir des connaissances solides de leur instrument afin d\u2019int\u00e9grer rapidement un ensemble.\u00a0 L\u2019ann\u00e9e musicale est marqu\u00e9e par des auditions permettant aux \u00e9l\u00e8ves de se pr\u00e9senter en public. La participation aux concours de solistes est fortement encourag\u00e9e.<\/p>\n<p>Horaire du cours\u00a0: en fonction des horaires du professeur<\/p>\n<p>Tarif : CHF 250.- \u00e0 CHF 400.- par semestre selon r\u00e8glement<\/p>\n<p><b>Professeurs du conservatoire de Fribourg enseignants les cuivres \u00e0 Treyvaux<\/b><\/p>\n<ul>\n<li>Morgane Sallin\u00a0: cuivres (petits instruments)<\/li>\n<li>Nicolas Papaux : cuivres (gros instruments)<\/li>\n<li>Lucas Francey\u00a0: trombone<\/li>\n<\/ul>\n<p><strong>Professeurs professionnels priv\u00e9s<\/strong><\/p>\n<ul>\n<li>Matthieu Hoffmann : percussions<\/li>\n<li>Lucien Papaux\u00a0: cuivres (petits instruments)<\/li>\n<\/ul>\n<p style=\"text-align: justify;\"><strong>Musique en groupe<\/strong><\/p>\n<p style=\"text-align: justify;\">Jouer dans un groupe, c\u2019est partager des moments de musique, mais c\u2019est surtout int\u00e9grer une \u00e9quipe et, souvent, trouver des amis pour la vie.<\/p>\n<p style=\"text-align: justify;\">Lorsque la ma\u00eetrise de l\u2019instrument le permet, les \u00e9l\u00e8ves rejoignent les cadets qui participent, conjointement \u00e0 la Soci\u00e9t\u00e9 de musique de Treyvaux au Concert de l\u2019Avent, au Concert de P\u00e2ques et au Cort\u00e8ge de la F\u00eate des musiques.<\/p>\n<p style=\"text-align: justify;\">La musique est importante, mais l\u2019esprit d\u2019\u00e9quipe fait vibrer notre \u00e9cole. Pour ce faire, plusieurs activit\u00e9s et sorties familiales sont planifi\u00e9es durant l\u2019ann\u00e9e.<\/p>\n<p style=\"text-align: justify;\">D\u00e8s 11 ans, les \u00e9l\u00e8ves rejoignent les rangs de l\u2019Ensemble des Jeunes de la Haute-Sarine (EJHS). Plus d\u2019informations sont disponibles sur <a style=\"color: #000000;\" href=\"http:\/\/www.ejhs.ch\">www.ejhs.ch<\/a>.<\/p>\n<p style=\"text-align: justify;\">Apr\u00e8s le passage \u00e0 l\u2019EJHS, les jeunes musiciens rejoignent les rangs de la Soci\u00e9t\u00e9 de musique de Treyvaux.<\/p>\n<p style=\"text-align: justify;\">\n<\/div>\n","protected":false},"excerpt":{"rendered":"<p>Les premiers pas dans la musique La musique se ressent et se vit avec le corps, par le mouvement et par la voix. Pour les tout petits, l\u2019\u00e9veil musical permet de travailler le sens du rythme pour ressentir la musique avant de la comprendre et pour exprimer des \u00e9motions. L\u2019enfant prend conscience de son corps &#8230;<\/p>\n","protected":false},"author":2,"featured_media":0,"parent":0,"menu_order":0,"comment_status":"closed","ping_status":"closed","template":"","meta":{"footnotes":""},"class_list":["post-62","page","type-page","status-publish"],"_links":{"self":[{"href":"https:\/\/em.musique-treyvaux.ch\/index.php?rest_route=\/wp\/v2\/pages\/62","targetHints":{"allow":["GET"]}}],"collection":[{"href":"https:\/\/em.musique-treyvaux.ch\/index.php?rest_route=\/wp\/v2\/pages"}],"about":[{"href":"https:\/\/em.musique-treyvaux.ch\/index.php?rest_route=\/wp\/v2\/types\/page"}],"author":[{"embeddable":true,"href":"https:\/\/em.musique-treyvaux.ch\/index.php?rest_route=\/wp\/v2\/users\/2"}],"replies":[{"embeddable":true,"href":"https:\/\/em.musique-treyvaux.ch\/index.php?rest_route=%2Fwp%2Fv2%2Fcomments&post=62"}],"version-history":[{"count":24,"href":"https:\/\/em.musique-treyvaux.ch\/index.php?rest_route=\/wp\/v2\/pages\/62\/revisions"}],"predecessor-version":[{"id":384,"href":"https:\/\/em.musique-treyvaux.ch\/index.php?rest_route=\/wp\/v2\/pages\/62\/revisions\/384"}],"wp:attachment":[{"href":"https:\/\/em.musique-treyvaux.ch\/index.php?rest_route=%2Fwp%2Fv2%2Fmedia&parent=62"}],"curies":[{"name":"wp","href":"https:\/\/api.w.org\/{rel}","templated":true}]}}

<div class="entry">
<p><strong>Les premiers pas dans la musique</strong></p>
<p style="text-align: justify;">La musique se ressent et se vit avec le corps, par le mouvement et par la voix. Pour les tout petits, l’éveil musical permet de travailler le sens du rythme pour ressentir la musique avant de la comprendre et pour exprimer des émotions. L’enfant prend conscience de son corps et de l’espace grâce au lien entre la musique et le mouvement. L’éveil musical permet de développer des qualités importantes comme l’autonomie, l’écoute, la communication, la créativité, l’imagination, l’expression, etc.</p>
<p style="text-align: justify;">Le cours d’éveil musical est ouvert à tous les enfants dès la 2H. La formation est donnée par Camille Quinton.</p>
<p>Horaire du cours : ce cours est donné en collaboration avec les sociétés du Mouret et de La Roche. Le cours a lieu au Mouret, le mercredi à 17h.</p>
<p>Tarif : CHF 180.- par semestre</p>
<p><img decoding="async" src="https://em.musique-treyvaux.ch/wp-content/plugins/advanced-wp-columns/assets/js/plugins/views/img/1x1-pixel.png" /></p>
<p><strong>Les cours individuels </strong></p>
<p>Les cours de cornet, alto, baryton, euphonium, trombone et basse sont donnés par des professeurs du conservatoire de Fribourg qui se déplacent à Treyvaux.</p>
<p>Les cours individuels permettent aux enfants d’acquérir des connaissances solides de leur instrument afin d’intégrer rapidement un ensemble.  L’année musicale est marquée par des auditions permettant aux élèves de se présenter en public. La participation aux concours de solistes est fortement encouragée.</p>
<p>Horaire du cours : en fonction des horaires du professeur</p>
<p>Tarif : CHF 250.- à CHF 400.- par semestre selon règlement</p>
<p><b>Professeurs du conservatoire de Fribourg enseignants les cuivres à Treyvaux</b></p>
<ul>
<li>Morgane Sallin : cuivres (petits instruments)</li>
<li>Nicolas Papaux : cuivres (gros instruments)</li>
<li>Lucas Francey : trombone</li>
</ul>
<p><strong>Professeurs professionnels privés</strong></p>
<ul>
<li>Matthieu Hoffmann : percussions</li>
<li>Lucien Papaux : cuivres (petits instruments)</li>
</ul>
<p style="text-align: justify;"><strong>Musique en groupe</strong></p>
<p style="text-align: justify;">Jouer dans un groupe, c’est partager des moments de musique, mais c’est surtout intégrer une équipe et, souvent, trouver des amis pour la vie.</p>
<p style="text-align: justify;">Lorsque la maîtrise de l’instrument le permet, les élèves rejoignent les cadets qui participent, conjointement à la Société de musique de Treyvaux au Concert de l’Avent, au Concert de Pâques et au Cortège de la Fête des musiques.</p>
<p style="text-align: justify;">La musique est importante, mais l’esprit d’équipe fait vibrer notre école. Pour ce faire, plusieurs activités et sorties familiales sont planifiées durant l’année.</p>
<p style="text-align: justify;">Dès 11 ans, les élèves rejoignent les rangs de l’Ensemble des Jeunes de la Haute-Sarine (EJHS). Plus d’informations sont disponibles sur <a style="color: #000000;" href="http://www.ejhs.ch">www.ejhs.ch</a>.</p>
<p style="text-align: justify;">Après le passage à l’EJHS, les jeunes musiciens rejoignent les rangs de la Société de musique de Treyvaux.</p>
<p style="text-align: justify;">
</div>

<p>Les premiers pas dans la musique La musique se ressent et se vit avec le corps, par le mouvement et par la voix. Pour les tout petits, l’éveil musical permet de travailler le sens du rythme pour ressentir la musique avant de la comprendre et pour exprimer des émotions. L’enfant prend conscience de son corps &#8230;</p>
